5035685?
5
What is the units digit of 310411?
1
What is the hundred thousands digit of 146832?
1
What is the hundreds digit of 386723?
7
What is the hundred thousands digit of 3167844?
1
What is the ten thousands digit of 60353?
6
What is the thousands digit of 820948?
0
What is the thousands digit of 30367689?
7
What is the thousands digit of 3116292?
6
What is the hundreds digit of 172976?
9
What is the hundred thousands digit of 746407?
7
What is the ten thousands digit of 9179438?
7
What is the millions digit of 3697127?
3
What is the hundred thousands digit of 318521?
3
What is the ten millions digit of 27518298?
2
What is the units digit of 1166248?
8
What is the hundred thousands digit of 908084?
9
What is the tens digit of 1862510?
1
What is the hundreds digit of 208799?
7
What is the tens digit of 6117675?
7
What is the hundred thousands digit of 954443?
9
What is the units digit of 453122?
2
What is the thousands digit of 283525?
3
What is the ten thousands digit of 165812?
6
What is the tens digit of 25652?
5
What is the hundred thousands digit of 187069?
1
What is the hundreds digit of 2237972?
9
What is the millions digit of 5262010?
5
What is the thousands digit of 804150?
4
What is the hundreds digit of 826759?
7
What is the hundreds digit of 1123299?
2
What is the thousands digit of 9165431?
5
What is the thousands digit of 27261?
7
What is the tens digit of 420868?
6
What is the hundreds digit of 131017?
0
What is the units digit of 255851?
1
What is the units digit of 9967114?
4
What is the hundreds digit of 359667?
6
What is the hundreds digit of 318424?
4
What is the tens digit of 341799?
9
What is the tens digit of 2749774?
7
What is the hundred thousands digit of 5674345?
6
What is the hundred thousands digit of 1123713?
1
What is the ten thousands digit of 347630?
4
What is the hundreds digit of 21150735?
7
What is the hundred thousands digit of 943797?
9
What is the millions digit of 1171931?
1
What is the hundred thousands digit of 6456265?
4
What is the thousands digit of 16458263?
8
What is the tens digit of 23963713?
1
What is the hundreds digit of 2500786?
7
What is the thousands digit of 14918716?
8
What is the ten thousands digit of 182162?
8
What is the tens digit of 1375172?
7
What is the units digit of 66065?
5
What is the units digit of 6895723?
3
What is the tens digit of 22092?
9
What is the tens digit of 495554?
5
What is the millions digit of 4626131?
4
What is the thousands digit of 22373132?
3
What is the millions digit of 2615065?
2
What is the units digit of 9317036?
6
What is the tens digit of 1889017?
1
What is the hundred thousands digit of 304325?
3
What is the tens digit of 381305?
0
What is the hundred thousands digit of 188047?
1
What is the millions digit of 1154067?
1
What is the thousands digit of 2535461?
5
What is the hundreds digit of 393515?
5
What is the tens digit of 281165?
6
What is the millions digit of 7973732?
7
What is the hundred thousands digit of 8573545?
5
What is the hundred thousands digit of 1726556?
7
What is the thousands digit of 8413?
8
What is the thousands digit of 205364?
5
What is the hundred thousands digit of 19266222?
2
What is the units digit of 71033?
3
What is the hundreds digit of 599456?
4
What is the units digit of 4079304?
4
What is the hundred thousands digit of 1409014?
4
What is the units digit of 1036752?
2
What is the hundreds digit of 2896140?
1
What is the hundred thousands digit of 140420?
1
What is the ten millions digit of 15846633?
1
What is the millions digit of 2785321?
2
What is the millions digit of 2357765?
2
What is the hundreds digit of 75047?
0
What is the hundreds digit of 6592762?
7
What is the thousands digit of 4512118?
2
What is the units digit of 17777?
7
What is the hundred thousands digit of 4685181?
6
What is the millions digit of 9738969?
9
What is the tens digit of 39498?
9
What is the units digit of 8798008?
8
What is the ten thousands digit of 519161?
1
What is the tens digit of 1592131?
3
What is the millions digit of 2400103?
2
What is the hundred thousands digit of 22969483?
9
What is the units digit of 743951?
1
What is the units digit of 50542?
2
What is the units digit of 164900?
0
What is the units digit of 63359?
9
What is the hundred thousands digit of 521210?
5
What is the ten thousands digit of 1676431?
7
What is the tens digit of 9703180?
8
What is the units digit of 33869?
9
What is the millions digit of 2676977?
2
What is the ten thousands digit of 365271?
6
What is the millions digit of 2290091?
2
What is the tens digit of 208715?
1
What is the thousands digit of 458795?
8
What is the thousands digit of 9400099?
0
What is the ten thousands digit of 1360850?
6
What is the hundred thousands digit of 670886?
6
What is the tens digit of 4994794?
9
What is the tens digit of 641624?
2
What is the tens digit of 2570702?
0
What is the millions digit of 3781972?
3
What is the tens digit of 526326?
2
What is the hundred thousands digit of 9607492?
6
What is the ten thousands digit of 11232505?
3
What is the thousands digit of 91615?
1
What is the units digit of 345595?
5
What is the thousands digit of 16314966?
4
What is the thousands digit of 624879?
4
What is the units digit of 819380?
0
What is the tens digit of 873718?
1
What is the tens digit of 387282?
8
What is the tens digit of 100121?
2
What is the units digit of 455850?
0
What is the thousands digit of 6379717?
9
What is the ten thousands digit of 1025678?
2
What is the millions digit of 1020300?
1
What is the hundreds digit of 30896458?
4
What is the ten thousands digit of 6855051?
5
What is the tens digit of 3469151?
5
What is the hundred thousands digit of 8508394?
5
What is the thousands digit of 228627?
8
What is the hundred thousands digit of 583705?
5
What is the thousands digit of 17469218?
9
What is the tens digit of 2402837?
3
What is the hundreds digit of 807107?
1
What is the hundreds digit of 13607634?
6
What is the thousands digit of 306681?
6
What is the hundred thousands digit of 640957?
6
What is the hundreds digit of 24519550?
5
What is the tens digit of 290776?
7
What is the millions digit of 3965247?
3
What is the units digit of 251755?
5
What is the units digit of 37982629?
9
What is the tens digit of 208663?
6
What is the tens digit of 4102514?
1
What is the tens digit of 32996622?
2
What is the hundreds digit of 658042?
0
What is the hundreds digit of 345386?
3
What is the tens digit of 2678626?
2
What is the hundreds digit of 5049684?
6
What is the hundred thousands digit of 1065071?
0
What is the ten thousands digit of 3360079?
6
What is the hundreds digit of 6082534?
5
What is the tens digit of 726368?
6
What is the units digit of 6647005?
5
What is the units digit of 36650?
0
What is the hundreds digit of 197877?
8
What is the millions digit of 2195348?
2
What is the tens digit of 156129?
2
What is the thousands digit of 16879439?
9
What is the hundred thousands digit of 3968218?
9
What is the hundred thousands digit of 675242?
6
What is the thousands digit of 205413?
5
What is the tens digit of 290355?
5
What is the hundreds digit of 14362683?
6
What is the hundreds digit of 4939285?
2
What is the thousands digit of 34748?
4
What is the ten thousands digit of 8297323?
9
What is the thousands digit of 213624?
3
What is the hundred thousands digit of 25076395?
0
What is the millions digit of 10924534?
0
What is the thousands digit of 4027400?
7
What is the hundreds digit of 2007624?
6
What is the ten thousands digit of 145665?
4
What is the hundred thousands digit of 953095?
9
What is the ten thousands digit of 2095854?
9
What is the hundreds digit of 3448609?
6
What is the hundreds digit of 81832?
8
What is the ten thousands digit of 474454?
7
What is the units digit of 15782211?
1
What is the hundreds digit of 29372?
3
What is the ten thousands digit of 459992?
5
What is the units digit of 442098?
8
What is the ten thousands digit of 307931?
0
What is the hundred thousands digit of 2562423?
5
What is the thousands digit of 15081320?
1
What is the millions digit of 9464521?
9
What is the ten thousands digit of 2918391?
1
What is the units digit of 102070?
0
What is the ten thousands digit of 491180?
9
What is the thousands digi